j**2 + 6*j - 36. What is the tens digit of k(15)?
5
Let u(v) = 2*v**3 - v**2 - 3*v + 2. Let k be (-14)/(-6) - 2/6. What is the units digit of u(k)?
8
Let q = 62 + -29. What is the tens digit of q?
3
Let w = -19 - -50. What is the units digit of w?
1
Suppose -2*w + 36 = 5*z, -2*z + 18 = -z + 4*w. Suppose -z*v + 12 = -2*v. Suppose -54 = -5*h + 2*p - 15, 3*h - 36 = -v*p. What is the units digit of h?
9
Let u(m) be the second derivative of -2*m**3/3 - m. Let v(s) = s + 3. Let h be v(-4). What is the units digit of u(h)?
4
Let q be 6/(-27) - 176/18. Let y be (-4)/q + 52/20. What is the units digit of (-1 + y/9)*-9?
6
Suppose 0 = -5*z + 4*s - 64 + 241, 2*z + 2*s - 60 = 0. What is the tens digit of z?
3
Suppose -3*s + 2*s + 3*h = 11, h - 5 = 0. Suppose 0 = 2*i + 3*i - 20. Suppose j = -s*j + 4*u - 1, -u = -i. What is the units digit of j?
3
Let p be 2/(-8) + 87/12. Let n = p + 12. What is the tens digit of n?
1
Let x(u) = u**2 - 7*u - 4. What is the tens digit of x(10)?
2
Let l(b) = -3*b**2 + 23*b + 7. What is the tens digit of l(7)?
2
Let x be ((-6)/(-4) - 0)*-2. Let b be 2 + -4 - (0 + -1). Let o = b - x. What is the units digit of o?
2
Suppose j + 2*j = -18. Let r(p) = -2*p. What is the tens digit of r(j)?
1
What is the tens digit of -2*(-5)/(-50) + 396/5?
7
Let j = 21 + -21. Suppose -2*n - d + 70 = j, 0*n + 2*d = 2*n - 58. What is the tens digit of n?
3
Let a = -7 - -10. Suppose g + 2 + 9 = -4*i, 5*g - a*i - 60 = 0. What is the units digit of g?
9
Let b = 3 - -31. What is the units digit of 0/1 - (7 - b)?
7
Suppose u - 35 = 108. What is the tens digit of u?
4
Suppose 4*n + 7 = -21. Let x = -6 - n. What is the units digit of (0 + x)*(0 + 5)?
5
Let b be 4 + (-2)/(4/2). Suppose i = 2*z - 1, 0*z + b*z - 4 = i. Suppose a - z*a + 37 = -3*u, 0 = -5*a + 5*u + 80. What is the units digit of a?
1
What is the units digit of (-3)/((5/(-3))/5)?
9
Let c(g) = g**3 - 3*g**2 + 2*g + 2. Let a be c(3). What is the tens digit of (108/a)/(6/8)?
1
Suppose o - 6*o = -240. Let h = 67 - o. What is the units digit of h?
9
Suppose -3*t + 6 = -3. Let z(o) = 6*o + 1. What is the tens digit of z(t)?
1
Suppose 0 = -5*o + o - 76. Suppose 3*c = 2*c - 28. Let z = o - c. What is the units digit of z?
9
What is the units digit of 3/(((-60)/68 - -1)/6)?
3
Let m(u) = -5*u**3 - 7*u - 2. Let r(c) = 21*c + 0*c**3 + 6 + c**3 - c**2 + 13*c**3. Let a(v) = 17*m(v) + 6*r(v). What is the units digit of a(-7)?
2
Let d = -11 - -16. Suppose -b - 3*m = 12, -3*b - 17 = d*m + 3. Suppose -u + 5 - 1 = b. What is the units digit of u?
4
Let b be (-3)/(-2)*(3 - 1). Suppose 7 = 3*i + 5*a, -i + 11 = b*i + 5*a. What is the units digit of i?
4
Let p(t) = -t**2 + 12*t - 8. What is the units digit of p(8)?
4
Suppose -v - 3*v + 24 = 0. What is the tens digit of 4/2 - (-6 - v)?
1
Let c(x) be the second derivative of x**3/2 + x**2 + 3*x. Let f be c(-3). Let o = 14 + f. What is the units digit of o?
7
Let a(l) = -l**3 - 4*l**2 + 5*l + 4. Let t = 2 + -7. What is the units digit of a(t)?
4
Let y be (-2)/(-10) - (-1)/(-5). Let d = 3 - 6. What is the units digit of y - d - 4/(-2)?
5
Let u(r) = r**2 - 4*r + 1. Let h be u(2). Let a = h + 1. What is the units digit of (a/(-2))/(2/26)?
3
Suppose 0*c - 5*w + 13 = 2*c, -4*w = -c - 13. What is the units digit of ((-7)/((-21)/(-54)))/c?
8
Let g = -3 + 5. Suppose 2*k + 30 = g*x, 0*x - 2*x + 16 = -k. What is the units digit of 8/36 - k/18?
1
Let t(n) = 12*n - 16. What is the tens digit of t(5)?
4
Let s(w) = -5 - 4*w - w + 2*w. Suppose -5*k - 5 = 5, r = k - 5. What is the units digit of s(r)?
6
Suppose -4*y + 6 = -14, m - 19 = -3*y. Suppose 5*r - 176 = m. Suppose 2*b - r = -b. What is the units digit of b?
2
What is the units digit of -3 - (-23 - (0 - 3))?
7
Suppose 3*u = 5*t - 14, -3*u + u + 24 = 5*t. Suppose 0*b + t*b - 20 = 0. Suppose -b*l = -3*l + w - 13, -w = 3*l - 22. What is the units digit of l?
9
Suppose -2*q - m = 2*m - 220, 0 = 2*m - 4. Suppose -4*r + 311 = q. What is the tens digit of r?
5
Let l be -4 + (1 - (2 - -2)). Let g = 37 + l. What is the tens digit of g?
3
Let g(n) = 2*n**2 - n + 7. What is the units digit of g(4)?
5
Suppose -3*q - 11 = -371. What is the units digit of ((-2)/(-3))/(16/q)?
5
Let j(f) = -10*f - 2. What is the hundreds digit of j(-11)?
1
Let z(p) = -p**3 + p**2 - 4*p - 9. Let k(u) = 2*u**3 - 3*u**2 + 7*u + 17. Let a(b) = 4*k(b) + 7*z(b). What is the units digit of a(5)?
5
Suppose -5*z = -9 - 11, 4*q = 4*z + 16. Suppose 0 = -2*w + 4 + q. Let s = 9 - w. What is the units digit of s?
3
Let r = 12 + -4. Let o = r - -3. What is the units digit of o?
1
Suppose -2*c + 4*c = 4. What is the units digit of (27/2 - c)*2?
3
Let l = 82 + -48. What is the tens digit of l?
3
Let k(f) = f + 12. Suppose 5*r = -60 + 15. Let a be k(r). Suppose 2*h = a*h + 3, -5*v - 5*h + 65 = 0. What is the tens digit of v?
1
Suppose 4*t - 15 - 13 = 0. What is the units digit of t?
7
Suppose 3*v = 145 - 37. Suppose -4*w = -2*y - 2*w + v, -w = 2*y - 24. What is the units digit of y?
4
Let c(y) = -y**3 + 7*y**2 + y + 3. Let u = 43 + -15. Suppose -4*p + 0*p = -u. What is the tens digit of c(p)?
1
What is the units digit of (0 - 1 - -3) + 141?
3
Suppose -400 = 3*w - 8*w. Suppose w = 5*t - 0*t. What is the tens digit of t?
1
Let v(l) = l**2 + 11*l + 12. Let g be v(-10). What is the tens digit of (19/(-3))/(g/(-6))?
1
Let t(f) = -f**3 - 18*f**2 + 20*f + 28. Let a be t(-19). Let u = a + 11. What is the tens digit of u?
2
Let v(u) be the third derivative of -7*u**4/24 - u**3/6 + u**2. Let q(a) = a - 9. Let l be q(8). What is the units digit of v(l)?
6
Let q be 3*(-1 + (-4 - -2)). Let j(m) = -m**3 - 9*m**2 - 3*m - 8. What is the tens digit of j(q)?
1
Let x = 85 + -20. What is the units digit of x?
5
Let c(f) be the first derivative of -1/2*f**2 + 2 + 0*f. What is the units digit of c(-7)?
7
Let v = -11 - -6. Suppose 2*j = 21 - 9. Let o = v + j. What is the units digit of o?
1
Suppose 32 = 4*r - 0*r. Let l(n) = 4*n + 9. Let x be l(r). Suppose -1 = 4*h - x. What is the units digit of h?
0
Suppose 4*v = 2*v. Suppose -11 = -2*l - s, -5*l + 0*s - 4*s + 32 = v. Suppose 4*i - 24 = -3*g + l*g, -3*i - 3*g + 33 = 0. What is the units digit of i?
7
Suppose -2*d + 3*d - 2*t = -5, -5*d = -4*t - 5. Suppose -s - 5 = -d*f, 2*s = -2*f - 8 + 22. What is the units digit of s?
5
Let p = -21 - -19. What is the units digit of p - 1/(3/(-87))?
7
Let o = 34 - 19. Suppose 4*r - o + 3 = 0. What is the units digit of r?
3
Suppose z - 24 + 4 = 0. Suppose -2*y = -y - z. Suppose 6*i - i - y = 0. What is the units digit of i?
4
Let z = 16 + -10. Suppose -i + 7 = -z. What is the units digit of i?
3
Suppose -109 = -5*t + 16. What is the tens digit of t?
2
Let p = -2 - -2. Let f = 19 + p. Let b = -9 + f. What is the units digit of b?
0
What is the units digit of (-20)/(-70) + -193*6/(-14)?
3
Let b be (-2)/3 - 26/(-3). Suppose -5*v - 30 = -b*v. What is the tens digit of v?
1
Suppose 0 = -3*g - q - 1 + 27, 5*g - 30 = 5*q. What is the units digit of g?
8
Suppose -41 - 3 = -2*l. Let p be 34/9 + l/99. Suppose -2*d + 3*d - 1 = 4*b, 2*d + p*b - 2 = 0. What is the units digit of d?
1
Suppose 4*n + 5*d = -79, 0 = -5*n - 5*d + 5 - 100. Let u = n + 27. What is the tens digit of u?
1
Suppose -2*k - 3*b + 42 = k, -b + 56 = 4*k. What is the tens digit of k?
1
Let o(z) = z + 12. Let v be o(-9). Suppose -j + v - 2 = 0. What is the units digit of j?
1
Let t(s) = 6*s**3 + s**2 + s + 1. Let j be t(-1). Let b = j + -2. What is the units digit of -2 - (b + 2) - -2?
5
Let s(n) = -n**2 - 35*n - 25. What is the hundreds digit of s(-15)?
2
What is the units digit of (84 - 2)*(-12)/(-8)?
3
Let y = 140 + -77. What is the units digit of 490/y + 4/18?
8
Let p be (20/6)/(8/12). Suppose 9 + 21 = p*b. What is the units digit of b?
6
Let z be 2/8 + 63/4. Suppose c = -0*c + z. What is the tens digit of c?
1
Suppose 3*i + 12 = -i. Let j = 0 - i. What is the units digit of j?
3
Let n(z) be the second derivative of z**5/20 - z**4/6 - 2*z**3/3 - z**2 + 3*z. What is the tens digit of n(4)?
1
Let x = 4 - 1. Suppose -1 = x*f - 7. What is the units digit of f?
2
Let p(d) = -8*d + 2. Let b be (-2 + 1)/(4/12). What is the units digit of p(b)?
6
Suppose -b + 13 = d, 3*d - 20 = -b - 9. Suppose -5*x + b = -21. Suppose x*j - 3*j - 12 = 0. What is the units digit o